{"id":162,"date":"2019-04-15T07:00:35","date_gmt":"2019-04-15T07:00:35","guid":{"rendered":"https:\/\/karis.ukathemes.com\/demo-1\/?page_id=162"},"modified":"2025-04-23T15:35:55","modified_gmt":"2025-04-23T18:35:55","slug":"contacto","status":"publish","type":"page","link":"https:\/\/revista.argentores.org.ar\/index.php\/contacto\/","title":{"rendered":"Contactanos"},"content":{"rendered":"\n<p><\/p>\n\n\n\n<h2 class=\"wp-block-heading\">Nos encontras en:<\/h2>\n\n\n\n<hr class=\"wp-block-separator has-css-opacity is-style-wide\"\/>\n\n\n\n<div class=\"wp-block-columns has-2-columns is-layout-flex wp-container-core-columns-is-layout-28f84493 wp-block-columns-is-layout-flex\">\n<div class=\"wp-block-column is-layout-flow wp-block-column-is-layout-flow\">\n<p><strong>Correo electr\u00f3nico:<\/strong><br><a href=\"mailto:revistaautores@argentores.org.ar\" target=\"_blank\" rel=\"noreferrer noopener\">revistaautores@argentores.org.ar<\/a><\/p>\n<\/div>\n\n\n\n<div class=\"wp-block-column is-layout-flow wp-block-column-is-layout-flow\">\n<p><strong>WhatsApp:<\/strong><br><a href=\"https:\/\/wa.me\/+5491153240873\" target=\"_blank\" rel=\"noreferrer noopener\">+5491153240873<\/a><\/p>\n<\/div>\n<\/div>\n\n\n\n<div class=\"wp-block-columns has-2-columns is-layout-flex wp-container-core-columns-is-layout-28f84493 wp-block-columns-is-layout-flex\">\n<div class=\"wp-block-column is-layout-flow wp-block-column-is-layout-flow\">\n<p><strong>Direcci\u00f3n:<\/strong><br>Pacheco de Melo 1820<br>Ciudad Aut\u00f3noma de Buenos Aires<\/p>\n<\/div>\n\n\n\n<div class=\"wp-block-column is-layout-flow wp-block-column-is-layout-flow\">\n<p><\/p>\n<\/div>\n<\/div>\n\n\n\n<hr class=\"wp-block-separator has-css-opacity is-style-wide\"\/>\n","protected":false},"excerpt":{"rendered":"<p>Nos encontras en: Correo electr\u00f3nico:revistaautores@argentores.org.ar WhatsApp:+5491153240873 Direcci\u00f3n:Pacheco de Melo 1820Ciudad Aut\u00f3noma de Buenos Aires<\/p>\n","protected":false},"author":2,"featured_media":401,"parent":0,"menu_order":0,"comment_status":"closed","ping_status":"closed","template":"","meta":{"_acf_changed":false,"footnotes":""},"class_list":["post-162","page","type-page","status-publish","has-post-thumbnail","hentry"],"acf":[],"yoast_head":"<!-- This site is optimized with the Yoast SEO plugin v26.6 - https:\/\/yoast.com\/wordpress\/plugins\/seo\/ -->\n<title>Contactanos - Publicaci\u00f3n Digital de Argentores<\/title>\n<meta name=\"robots\" content=\"noindex, follow, max-snippet:-1, max-image-preview:large, max-video-preview:-1\" \/>\n<meta property=\"og:locale\" content=\"es_ES\" \/>\n<meta property=\"og:type\" content=\"article\" \/>\n<meta property=\"og:title\" content=\"Contactanos - Publicaci\u00f3n Digital de Argentores\" \/>\n<meta property=\"og:description\" content=\"Nos encontras en: Correo electr\u00f3nico:revistaautores@argentores.org.ar WhatsApp:+5491153240873 Direcci\u00f3n:Pacheco de Melo 1820Ciudad Aut\u00f3noma de Buenos Aires\" \/>\n<meta property=\"og:url\" content=\"https:\/\/revista.argentores.org.ar\/index.php\/contacto\/\" \/>\n<meta property=\"og:site_name\" content=\"Publicaci\u00f3n Digital de Argentores\" \/>\n<meta property=\"article:modified_time\" content=\"2025-04-23T18:35:55+00:00\" \/>\n<meta property=\"og:image\" content=\"https:\/\/revista.argentores.org.ar\/wp-content\/uploads\/2025\/04\/contactanos.jpg\" \/>\n\t<meta property=\"og:image:width\" content=\"1920\" \/>\n\t<meta property=\"og:image:height\" content=\"1280\" \/>\n\t<meta property=\"og:image:type\" content=\"image\/jpeg\" \/>\n<meta name=\"twitter:card\" content=\"summary_large_image\" \/>\n<script type=\"application\/ld+json\" class=\"yoast-schema-graph\">{\"@context\":\"https:\/\/schema.org\",\"@graph\":[{\"@type\":\"WebPage\",\"@id\":\"https:\/\/revista.argentores.org.ar\/index.php\/contacto\/\",\"url\":\"https:\/\/revista.argentores.org.ar\/index.php\/contacto\/\",\"name\":\"Contactanos - Publicaci\u00f3n Digital de Argentores\",\"isPartOf\":{\"@id\":\"https:\/\/revista.argentores.org.ar\/#website\"},\"primaryImageOfPage\":{\"@id\":\"https:\/\/revista.argentores.org.ar\/index.php\/contacto\/#primaryimage\"},\"image\":{\"@id\":\"https:\/\/revista.argentores.org.ar\/index.php\/contacto\/#primaryimage\"},\"thumbnailUrl\":\"https:\/\/revista.argentores.org.ar\/wp-content\/uploads\/2025\/04\/contactanos.jpg\",\"datePublished\":\"2019-04-15T07:00:35+00:00\",\"dateModified\":\"2025-04-23T18:35:55+00:00\",\"breadcrumb\":{\"@id\":\"https:\/\/revista.argentores.org.ar\/index.php\/contacto\/#breadcrumb\"},\"inLanguage\":\"es-AR\",\"potentialAction\":[{\"@type\":\"ReadAction\",\"target\":[\"https:\/\/revista.argentores.org.ar\/index.php\/contacto\/\"]}]},{\"@type\":\"ImageObject\",\"inLanguage\":\"es-AR\",\"@id\":\"https:\/\/revista.argentores.org.ar\/index.php\/contacto\/#primaryimage\",\"url\":\"https:\/\/revista.argentores.org.ar\/wp-content\/uploads\/2025\/04\/contactanos.jpg\",\"contentUrl\":\"https:\/\/revista.argentores.org.ar\/wp-content\/uploads\/2025\/04\/contactanos.jpg\",\"width\":1920,\"height\":1280,\"caption\":\"Businessman using smartphone show icons of phones, email, addresses, and live chat. Contact us a concept for a customer service center connection. Communication on the Internet through the website\"},{\"@type\":\"BreadcrumbList\",\"@id\":\"https:\/\/revista.argentores.org.ar\/index.php\/contacto\/#breadcrumb\",\"itemListElement\":[{\"@type\":\"ListItem\",\"position\":1,\"name\":\"Inicio\",\"item\":\"https:\/\/revista.argentores.org.ar\/\"},{\"@type\":\"ListItem\",\"position\":2,\"name\":\"Contactanos\"}]},{\"@type\":\"WebSite\",\"@id\":\"https:\/\/revista.argentores.org.ar\/#website\",\"url\":\"https:\/\/revista.argentores.org.ar\/\",\"name\":\"Publicaci\u00f3n Digital de Argentores\",\"description\":\"\",\"publisher\":{\"@id\":\"https:\/\/revista.argentores.org.ar\/#organization\"},\"potentialAction\":[{\"@type\":\"SearchAction\",\"target\":{\"@type\":\"EntryPoint\",\"urlTemplate\":\"https:\/\/revista.argentores.org.ar\/?s={search_term_string}\"},\"query-input\":{\"@type\":\"PropertyValueSpecification\",\"valueRequired\":true,\"valueName\":\"search_term_string\"}}],\"inLanguage\":\"es-AR\"},{\"@type\":\"Organization\",\"@id\":\"https:\/\/revista.argentores.org.ar\/#organization\",\"name\":\"Publicaci\u00f3n Digital de Argentores\",\"url\":\"https:\/\/revista.argentores.org.ar\/\",\"logo\":{\"@type\":\"ImageObject\",\"inLanguage\":\"es-AR\",\"@id\":\"https:\/\/revista.argentores.org.ar\/#\/schema\/logo\/image\/\",\"url\":\"https:\/\/revista.argentores.org.ar\/wp-content\/uploads\/2025\/04\/logo-revista-autores-11-copia.jpg\",\"contentUrl\":\"https:\/\/revista.argentores.org.ar\/wp-content\/uploads\/2025\/04\/logo-revista-autores-11-copia.jpg\",\"width\":1080,\"height\":764,\"caption\":\"Publicaci\u00f3n Digital de Argentores\"},\"image\":{\"@id\":\"https:\/\/revista.argentores.org.ar\/#\/schema\/logo\/image\/\"}}]}<\/script>\n<!-- \/ Yoast SEO plugin. -->","yoast_head_json":{"title":"Contactanos - Publicaci\u00f3n Digital de Argentores","robots":{"index":"noindex","follow":"follow","max-snippet":"max-snippet:-1","max-image-preview":"max-image-preview:large","max-video-preview":"max-video-preview:-1"},"og_locale":"es_ES","og_type":"article","og_title":"Contactanos - Publicaci\u00f3n Digital de Argentores","og_description":"Nos encontras en: Correo electr\u00f3nico:revistaautores@argentores.org.ar WhatsApp:+5491153240873 Direcci\u00f3n:Pacheco de Melo 1820Ciudad Aut\u00f3noma de Buenos Aires","og_url":"https:\/\/revista.argentores.org.ar\/index.php\/contacto\/","og_site_name":"Publicaci\u00f3n Digital de Argentores","article_modified_time":"2025-04-23T18:35:55+00:00","og_image":[{"width":1920,"height":1280,"url":"https:\/\/revista.argentores.org.ar\/wp-content\/uploads\/2025\/04\/contactanos.jpg","type":"image\/jpeg"}],"twitter_card":"summary_large_image","schema":{"@context":"https:\/\/schema.org","@graph":[{"@type":"WebPage","@id":"https:\/\/revista.argentores.org.ar\/index.php\/contacto\/","url":"https:\/\/revista.argentores.org.ar\/index.php\/contacto\/","name":"Contactanos - Publicaci\u00f3n Digital de Argentores","isPartOf":{"@id":"https:\/\/revista.argentores.org.ar\/#website"},"primaryImageOfPage":{"@id":"https:\/\/revista.argentores.org.ar\/index.php\/contacto\/#primaryimage"},"image":{"@id":"https:\/\/revista.argentores.org.ar\/index.php\/contacto\/#primaryimage"},"thumbnailUrl":"https:\/\/revista.argentores.org.ar\/wp-content\/uploads\/2025\/04\/contactanos.jpg","datePublished":"2019-04-15T07:00:35+00:00","dateModified":"2025-04-23T18:35:55+00:00","breadcrumb":{"@id":"https:\/\/revista.argentores.org.ar\/index.php\/contacto\/#breadcrumb"},"inLanguage":"es-AR","potentialAction":[{"@type":"ReadAction","target":["https:\/\/revista.argentores.org.ar\/index.php\/contacto\/"]}]},{"@type":"ImageObject","inLanguage":"es-AR","@id":"https:\/\/revista.argentores.org.ar\/index.php\/contacto\/#primaryimage","url":"https:\/\/revista.argentores.org.ar\/wp-content\/uploads\/2025\/04\/contactanos.jpg","contentUrl":"https:\/\/revista.argentores.org.ar\/wp-content\/uploads\/2025\/04\/contactanos.jpg","width":1920,"height":1280,"caption":"Businessman using smartphone show icons of phones, email, addresses, and live chat. Contact us a concept for a customer service center connection. Communication on the Internet through the website"},{"@type":"BreadcrumbList","@id":"https:\/\/revista.argentores.org.ar\/index.php\/contacto\/#breadcrumb","itemListElement":[{"@type":"ListItem","position":1,"name":"Inicio","item":"https:\/\/revista.argentores.org.ar\/"},{"@type":"ListItem","position":2,"name":"Contactanos"}]},{"@type":"WebSite","@id":"https:\/\/revista.argentores.org.ar\/#website","url":"https:\/\/revista.argentores.org.ar\/","name":"Publicaci\u00f3n Digital de Argentores","description":"","publisher":{"@id":"https:\/\/revista.argentores.org.ar\/#organization"},"potentialAction":[{"@type":"SearchAction","target":{"@type":"EntryPoint","urlTemplate":"https:\/\/revista.argentores.org.ar\/?s={search_term_string}"},"query-input":{"@type":"PropertyValueSpecification","valueRequired":true,"valueName":"search_term_string"}}],"inLanguage":"es-AR"},{"@type":"Organization","@id":"https:\/\/revista.argentores.org.ar\/#organization","name":"Publicaci\u00f3n Digital de Argentores","url":"https:\/\/revista.argentores.org.ar\/","logo":{"@type":"ImageObject","inLanguage":"es-AR","@id":"https:\/\/revista.argentores.org.ar\/#\/schema\/logo\/image\/","url":"https:\/\/revista.argentores.org.ar\/wp-content\/uploads\/2025\/04\/logo-revista-autores-11-copia.jpg","contentUrl":"https:\/\/revista.argentores.org.ar\/wp-content\/uploads\/2025\/04\/logo-revista-autores-11-copia.jpg","width":1080,"height":764,"caption":"Publicaci\u00f3n Digital de Argentores"},"image":{"@id":"https:\/\/revista.argentores.org.ar\/#\/schema\/logo\/image\/"}}]}},"_links":{"self":[{"href":"https:\/\/revista.argentores.org.ar\/index.php\/wp-json\/wp\/v2\/pages\/162","targetHints":{"allow":["GET"]}}],"collection":[{"href":"https:\/\/revista.argentores.org.ar\/index.php\/wp-json\/wp\/v2\/pages"}],"about":[{"href":"https:\/\/revista.argentores.org.ar\/index.php\/wp-json\/wp\/v2\/types\/page"}],"author":[{"embeddable":true,"href":"https:\/\/revista.argentores.org.ar\/index.php\/wp-json\/wp\/v2\/users\/2"}],"replies":[{"embeddable":true,"href":"https:\/\/revista.argentores.org.ar\/index.php\/wp-json\/wp\/v2\/comments?post=162"}],"version-history":[{"count":14,"href":"https:\/\/revista.argentores.org.ar\/index.php\/wp-json\/wp\/v2\/pages\/162\/revisions"}],"predecessor-version":[{"id":718,"href":"https:\/\/revista.argentores.org.ar\/index.php\/wp-json\/wp\/v2\/pages\/162\/revisions\/718"}],"wp:featuredmedia":[{"embeddable":true,"href":"https:\/\/revista.argentores.org.ar\/index.php\/wp-json\/wp\/v2\/media\/401"}],"wp:attachment":[{"href":"https:\/\/revista.argentores.org.ar\/index.php\/wp-json\/wp\/v2\/media?parent=162"}],"curies":[{"name":"wp","href":"https:\/\/api.w.org\/{rel}","templated":true}]}}